g = -2*i - 94. List the prime factors of i.
2, 11
Suppose 6*y = 2*y + 32. Let h = 18 - y. List the prime factors of h.
2, 5
Let w = 137 - 134. Suppose -424 = -w*s + 338. What are the prime factors of s?
2, 127
Suppose -2*i - 2*i = 5*v + 5, 40 = 5*v - 5*i. Suppose -r = g - 4, g + g = v*r - 17. Suppose 0*z + 4 = 4*z, r*z - 19 = -o. What are the prime factors of o?
2, 7
Let d(j) = -j - 16. Let k be d(17). What are the prime factors of (k/11)/(1/(-18))?
2, 3
Let t(h) be the third derivative of h**5/60 + 2*h**3/3 + 3*h**2. Let i be t(2). Suppose -5*o + i*o = 153. List the prime factors of o.
3, 17
Let t be 167 + 5 + -3*1. Suppose -4*a - 3*u + 217 = 0, -a - u = 2*a - t. Let f = 97 - a. What are the prime factors of f?
3, 13
Let o = -5 - -30. Let p = o - 16. What are the prime factors of p?
3
Let d = 1319 - -345. What are the prime factors of d?
2, 13
Let c = 16 + -10. Let n(s) be the second derivative of -s**4/12 + 3*s**3/2 - 2*s**2 - 69*s. List the prime factors of n(c).
2, 7
Let a(v) = -v**3 - 6*v**2 - 3*v + 4. Let z be a(-4). Let m = -13 - z. Suppose m*l - l = 88. What are the prime factors of l?
2, 11
Suppose 35*n = 33*n + 1808. List the prime factors of n.
2, 113
Suppose -4*h + 5*b + 4 = 0, 3*h - 2 = -3*b + 1. Suppose -2*r - h = 5. What are the prime factors of (-130)/(-6) - (-2)/r?
3, 7
Suppose -7 = 7*p - 28. Suppose -4*z + 627 = z - p*b, 3*b - 381 = -3*z. What are the prime factors of z?
2, 3, 7
Let d be ((-1)/(-1))/(2/4). Let z be d/1 + -37 + 6. Let m = z + 57. What are the prime factors of m?
2, 7
Let u(o) = 24*o**2 - 24*o - 46. List the prime factors of u(-7).
2, 11, 59
Let p(t) = 39*t**2 + 14*t - 53. What are the prime factors of p(7)?
2, 3, 163
Let l(d) = -d**3 + 8*d**2 + 3*d - 11. List the prime factors of l(-7).
19, 37
Let z(t) = t**3 + 6*t**2 + 4*t + 6. Let x(w) = -2*w + 13. Let d(q) = -2*q + 12. Let k(j) = 3*d(j) - 2*x(j). Let c be k(7). List the prime factors of z(c).
2, 11
Suppose -6 = 3*p, 4*a + 0 - 22 = 5*p. Suppose 3*c = 2*u + 3*u - 449, a*u = -3*c + 255. What are the prime factors of u?
2, 11
Let c be (11/(-2))/(2/(-76)). Suppose 5*r - h = -650, -2*r - c = -5*h + 51. Let w = r - -211. What are the prime factors of w?
3
What are the prime factors of (1128 - (-10 + 9)) + 0/(-2)?
1129
What are the prime factors of ((-54)/(-12))/((-27)/(-2412))?
2, 3, 67
Let l(a) = 3 + 0*a + a**2 + 2*a + a**3 - 3*a. Let g be l(-2). List the prime factors of g/((-396)/(-196) - 2).
7
Let o = 20 + -4. Suppose 0 = o*f - 11*f + 225. Let z = f - -64. List the prime factors of z.
19
Let d(i) = i**3 + 28*i**2 - 60*i + 2. Let u be d(-30). Let z(x) = 18*x + 2 - 5 + 1. List the prime factors of z(u).
2, 17
Suppose -1695 = -123*j + 118*j. List the prime factors of j.
3, 113
Let o be ((-2)/5 + (-510)/(-25))/(-1). Let f(c) = -3*c + 16. List the prime factors of f(o).
2, 19
Suppose -44791 = 97*d - 144*d. What are the prime factors of d?
953
Let b(d) = d**2 - 5*d + 8. Let j be b(11). Suppose 2*k = j - 24. Suppose 3*o = t - k, 0 = 2*t - 3*o - 0*o - 41. List the prime factors of t.
2
Let p(l) = -l**3 - 11*l**2 - 12*l - 5. Let v be ((-3)/2)/((-4)/(-8)). Let t be 3/((-9)/39) - v. List the prime factors of p(t).
3, 5
Suppose 0 = 32*r + 8*r - 121800. List the prime factors of r.
3, 5, 7, 29
Suppose 0 = 4*s + 4*w + 3 - 39, 0 = -s + w + 7. Suppose -8*d = -6*d - s. List the prime factors of (6/d)/((-1)/(-14)).
3, 7
Suppose -2*k = 4*h - 806, 0 = -4*k + 5*h - h + 1636. List the prime factors of k.
11, 37
Let k(v) = -14*v - 9. Suppose -3*r = -12*r - 54. List the prime factors of k(r).
3, 5
Let v(p) = -3*p**3 + 6*p**2 + 7*p - 5. Let b be v(5). Let a = 325 + b. What are the prime factors of a?
2, 5, 13
Let u(n) = -6*n - 3. Let y be (4 - 28/8)*-34. List the prime factors of u(y).
3, 11
Let o be (14/(-4))/(1/(-4)). Let i = 826 + -821. Suppose g + g + 3*l = o, l = -i*g + 61. List the prime factors of g.
13
Let y(w) = -2. Let i = -19 - -22. Let d(f) = f**2 - f - 1. Let a(j) = i*d(j) + y(j). List the prime factors of a(-2).
13
Suppose 0 = 2*b + 4*c + 664, 4*b = c - 2*c - 1342. Let r = -49 - b. List the prime factors of r.
7, 41
Suppose 4*i - 4*m = -44, 3*i - 2*m + 19 + 18 = 0. What are the prime factors of (-2740)/i + -7 + 2/(-3)?
5, 7
Suppose -3*k - u - 8 = -5*u, -5*u = -5*k - 10. Let c(q) = -5 + q**2 + k*q + 18 + 11*q + 1. List the prime factors of c(-12).
2, 13
Let q(y) = 5*y**3 + 5*y**2 - 20*y + 5. Let r(x) = -4*x**3 - 6*x**2 + 19*x - 4. Let o(k) = -5*q(k) - 6*r(k). What are the prime factors of o(6)?
5, 19
Let h(g) be the first derivative of 9*g**3 - 2*g**2 + 10*g + 9. List the prime factors of h(-3).
5, 53
Let h(f) = f**3 + 5*f**2 + 4*f + 5. Let c be h(-5). Let t be (0 + 1/(-3))*c. Suppose -t*m = -4*u - 36, 2*m = 5*m + 2*u - 26. List the prime factors of m.
2
What are the prime factors of (5 - (-248)/(-16))/((-3)/196)?
2, 7
Let z = -47 - -103. Suppose -z = -12*q + 10*q. List the prime factors of q.
2, 7
Suppose 11*s = 7*s + 3*j + 6587, 5*j - 3287 = -2*s. List the prime factors of s.
2, 823
Suppose 3*x - 4*j - 5756 = 0, -48*j + 6 = -51*j. What are the prime factors of x?
2, 479
Suppose 37*l = 36*l + 18. List the prime factors of l.
2, 3
Let j be (-1)/(-4) - (-78)/(-24). Let s be 102/10 - j/(-15). Suppose 0 = 3*v + 2*v - s. What are the prime factors of v?
2
Suppose 7*z = 11*z - 388. List the prime factors of z.
97
Let k(g) = -9*g**3 + 4*g**2 - 3*g + 14. What are the prime factors of k(-5)?
2, 3, 11, 19
Let w(h) = -3*h**2 - 2*h + 1. Let a be w(2). What are the prime factors of (-38)/5*a/3?
2, 19
Suppose -4*h - 1 = -2*m + 3, 3*h - 5*m + 10 = 0. Suppose h = -4*s + 10 - 82. What are the prime factors of (-240)/s - (-3)/(-9)?
13
Let w be (-3)/((-1655)/(-330) - 5). Let u = w + 283. What are the prime factors of u?
5, 17
Let x = -90 - -16. Let r = 216 + x. List the prime factors of r.
2, 71
Let s be 4*(-2)/(-4) + -13. Let p = s - -7. Let m = 14 + p. What are the prime factors of m?
2, 5
Let t(l) = 7*l. Let w be t(2). Suppose -q - 4 = -w. What are the prime factors of (-2)/5 - (-94)/q?
3
Suppose 5*f + 181 = 2*s, 60*s + 4*f - 237 = 57*s. List the prime factors of s.
83
Suppose -3*o - 2*r - 5 = 1, 4*r = -5*o - 8. Let w(g) = -g**3 - 2*g**2 + g + 8. What are the prime factors of w(o)?
2, 3
Let b = -19 + 24. Suppose -2*p = p - t - 59, 1 = p - b*t. List the prime factors of p.
3, 7
What are the prime factors of 0 + 1171 + (-135)/(-27)?
2, 3, 7
Suppose 3*f - 75 = -0*f. Suppose 9*w + f = 160. List the prime factors of w.
3, 5
Let n(k) = -13*k + 4086. List the prime factors of n(0).
2, 3, 227
Let i(h) = 41*h**2 + 49*h + 1. What are the prime factors of i(-2)?
67
Let v be 13980/(-45)*6/4. Let u = 730 + v. What are the prime factors of u?
2, 3, 11
Suppose 0 = -3*i + 2*u + 1, 5*i + 3*u + 0*u - 27 = 0. What are the prime factors of 37/(-2 + i) - 3?
2, 17
Suppose 39*q = 34*q + 700. What are the prime factors of q?
2, 5, 7
Let m(t) = -10*t - 5. Let x(g) = 30*g + 16. Let b(w) = 16*m(w) + 5*x(w). Let o be b(4). Let i = -17 - o. What are the prime factors of i?
23
What are the prime factors of 4/(-9) + (-74366)/(-342)?
7, 31
Let m(a) = -a**3 - 10*a**2 - 10*a + 8. Let k = -50 - 36. Let f be k/10 - 6/15. What are the prime factors of m(f)?
17
Suppose -15 = 4*w - 263. Suppose w - 20 = a. What are the prime factors of a?
2, 3, 7
Let b(o) be the first derivative of -o**4/4 - 5*o**3/3 + 2*o**2 + 4*o - 1. Let g be -6 - 0/(15/(-2 + 5)). List the prime factors of b(g).
2
Suppose 0*g - 12*g = -4800. Suppose 16*o - 21*o = -g. List the prime factors of o.
2, 5
Let i(v) = -6*v - v**3 + 6*v - 4*v**2 + v + 7. What are the prime factors of i(-5)?
3
Let o = -338 - -2916. List the prime factors of o.
2, 1289
Let g(u) be the third derivative of -17*u**6/120 - u**5/60 + u**4/24 + u**3/6 + 4*u**2. Let l be g(-1). Let h = l - 8. What are the prime factors of h?
2
Let d(r) = -15*r + 11*r + 2 + 8*r. Let h be d(-6). Let x = 52 + h. List the prime factors of x.
2, 3, 5
Let g(m) = -4*m - 1. Let j be g(-1). Suppose 7*a - j*a + 4*u = 664, -5*a = u - 818. Suppose 5*k + 8 - a = 0. List the prime factors of k.
31
Suppose -2*b - 7 = -2*c + 5, 4*b = -3*c + 4. Suppose 2*x - c*m - 27 = 35, 155 = 5*x - 2*m. What are the prime factors of x?
31
Suppose -18 + 1 = -4*o - h, 3*o - 12 = -h. Suppose -7 - 5 = -3*b. Suppose -2*k + o*k = b*c - 